ivisor of 38 and o.
19
Suppose 5 = -7*a + 12*a. Let k be 53 + (0 + -1)/a. What is the greatest common factor of k and 78?
26
Let h be (-543)/(-12) - 1/4. Let b(o) = 12*o**2 + 3*o - 1. Let p be b(-3). Let i = p - 68. What is the greatest common divisor of i and h?
15
Let s = -168 - -170. Calculate the greatest common divisor of s and 7.
1
Let f = 40 - -5. Suppose -4*g + 9*g - f = 0. Calculate the highest common divisor of 63 and g.
9
Let c = 8 + -4. Suppose g - c = -0. What is the highest common factor of g and 28?
4
Let k(c) = -4 + 4*c**2 - 5*c**2 + c - 2*c + 2*c**2. Let z be k(4). What is the highest common factor of 72 and z?
8
Let j(g) = -g + 23. Let h be j(0). Calculate the highest common factor of h and 23.
23
Let k(z) = 4*z + 7 + 5*z + 2 - 11*z**2 + z**3. Let d be k(10). Let v(w) = -15*w**3 - 2*w - 1. Let q be v(d). What is the greatest common factor of 8 and q?
8
Let d = 159 - 93. Calculate the greatest common factor of d and 22.
22
Let x(v) = v**3 - 5*v**2 + 5*v - 2. Suppose 9*p - 4*p = 20. Let m be x(p). What is the highest common divisor of 2 and m?
2
Let n be -1 + (-3)/6*-10. Suppose -n*b + 8 = -4*y - 0, -3*y = 0. Suppose 0 = u + f - 6*f + 2, b*u = 2*f + 12. What is the greatest common factor of 32 and u?
8
Let s(g) = g**3 + 4*g**2 - 6*g + 6. Let l be 4/10 + (-162)/30. Let f be s(l). What is the greatest common factor of f and 33?
11
Suppose 1597 = -5*d - 2*z, -3*d - z - 959 = -0*z. Let q be d/(-12) + (-3)/4. Calculate the greatest common factor of 208 and q.
26
Let m(l) = -l + 8. Let q be m(0). What is the greatest common factor of 1 and q?
1
Suppose -3*z - 3*j + 23 = 2*j, -4*z - 4 = -2*j. Let l be (-2 + z)*(-17)/1. Let o = 29 - l. What is the greatest common divisor of 84 and o?
12
Let x be 20 - (-5)/(15/6). Let m be (64/12)/(2/33). What is the highest common divisor of x and m?
22
Let j = 1 - -5. Suppose 3*l = -4*f + 68, 4*l - 3*f = -j*f + 93. What is the highest common divisor of 6 and l?
6
Suppose 137 = -3*q - 0*i - 5*i, 5*q + 5*i + 235 = 0. Let p be (0 + 17/(-2))*4. Let v = p - q. Calculate the greatest common factor of v and 6.
3
Let w(g) = g**2 + g + 8. Let t be w(0). Suppose t*r - 275 = 3*r. What is the highest common factor of 22 and r?
11
Suppose 105 = 5*v + 5*l, 23 = -0*v + v - l. Calculate the highest common factor of v and 77.
11
Let p = 49 + 31. Calculate the greatest common divisor of p and 20.
20
Suppose 3*h - 5 = -2*n, -h + 4 = -2*n - 3. Suppose -h*f = -2 - 1. Let u(g) = -2*g - 3. Let x be u(-2). Calculate the highest common divisor of x and f.
1
Suppose -2*q = -44 - 126. Calculate the highest common factor of 17 and q.
17
Let r = 171 + -26. What is the highest common factor of 29 and r?
29
Suppose 335 + 40 = 3*r. Let v = 92 - 42. Calculate the greatest common divisor of v and r.
25
Suppose 3*o = 92 + 43. Calculate the highest common factor of 15 and o.
15
Let h = -139 + 392. What is the greatest common divisor of h and 23?
23
Suppose 2 = 4*f - 2. What is the highest common factor of f and 2?
1
Let y = 76 + -34. Calculate the greatest common factor of 6 and y.
6
Suppose 0 = 5*o - 25, 403 = 4*b + 4*o - 457. What is the highest common divisor of b and 30?
30
Let g(z) be the third derivative of -23*z**4/24 - z**3/6 - 6*z**2. Let d be g(-2). What is the highest common factor of d and 30?
15
Let a = 83 + -77. Let c be 3*1 - (3 - 4). Calculate the highest common divisor of a and c.
2
Suppose 2*t - 628 = 44. What is the highest common divisor of 21 and t?
21
Let x(b) = -b**2 + 9*b - 7. Let u be x(8). Let r be (u - -2)*68/12. Calculate the greatest common factor of 68 and r.
17
Let g be 0/(3/6*2). Suppose -2*h - 3*p + 76 = 2*h, -3*h - p + 52 = g. Let b = 208 + -144. What is the greatest common divisor of b and h?
16
Let f = 22 + 104. Calculate the greatest common factor of f and 14.
14
Let h(i) = 2*i**2 - i - 1. Let k be h(2). Suppose -3*y - 3*c + 26 = -1, -4*y + 2*c + 18 = 0. Let o = y + k. What is the greatest common factor of 33 and o?
11
Suppose -7*i + 26 = -226. Calculate the greatest common divisor of i and 288.
36
Let a be 610/8 + 1/(-4). Let l = a - 44. Suppose 0 = 2*v - 5*v + 240. What is the greatest common divisor of v and l?
16
Let n be (1 - 0)/(2/(-6)). Let h = 4 + n. Suppose -8 = -x - 3*i + 3, 0 = -i + h. Calculate the highest common divisor of 16 and x.
8
Let d(c) = -c**2 - 14*c + 68. Let i be d(-16). What is the greatest common factor of i and 108?
36
Let x be (-15 - -94) + 1/((-2)/4). Suppose -12 = -2*u + 9*j - 4*j, -3*j + 50 = 4*u. Calculate the highest common factor of x and u.
11
Let p be (-9*(-9)/(-18))/(3/(-44)). What is the greatest common factor of 12 and p?
6
Suppose -6 = 2*j + 5*l + 8, -11 = 3*j + 5*l. Suppose 3*c + 0 = 9. What is the highest common factor of j and c?
3
Suppose 2*p + 2 = 3*n + 17, -5*p + 29 = n. Let w = -2 + p. Suppose w*h - 12 = 8. What is the greatest common factor of 25 and h?
5
Let i(n) = n**3 - 5*n**2 - 10*n - 13. Let u be i(11). Suppose 5*p - 157 = u. What is the highest common divisor of 19 and p?
19
Let t = -18 - -31. Let x = -33 - -46. Calculate the highest common divisor of t and x.
13
Let x = -90 - -110. Calculate the greatest common factor of x and 15.
5
Let r(h) = -h**3 - h**2 - 1. Let l be r(-1). Let n be l/(-3) + (-2)/6. Suppose n = k - 4*k + 27. What is the greatest common factor of 99 and k?
9
Let f be -1 + (0 - 1)*-3. Suppose 4*s - f*s + 5*m = -1, 5*m = 2*s - 9. Suppose -10 = -c - 5. What is the highest common divisor of s and c?
1
Suppose -3*a - 37 = -4*a. Calculate the greatest common factor of 111 and a.
37
Let i(l) = -l + 1. Let n be i(-3). Let q be (-4)/(36/(-8) - -4). Calculate the greatest common factor of n and q.
4
Let p = 392 - 224. Suppose h - 4*h = -315. Suppose -6*f + f = -h. What is the greatest common divisor of p and f?
21
Let z be ((-4)/10)/((-13)/780). Suppose -q = -4*c - z, -6*q + 4*q = -3*c - 33. Calculate the highest common factor of q and 6.
6
Let r(q) = -12*q**3 + 2*q**2 + 2*q + 1. Let f be r(-1). Suppose f = -3*u + 499. Let m = u - 92. Calculate the highest common factor of m and 14.
14
Let d be 20/(7 + -3) - 3. What is the highest common divisor of 6 and d?
2
Let b = 24 + -13. What is the greatest common factor of 11 and b?
11
Suppose -112 = -3*w + 4*c, -114 + 4 = -3*w + 5*c. Let u be (-3)/(-9) - 14/(-3). Calculate the highest common factor of u and w.
5
Let m be 8 + -1 + (-1 - 0). Let q(t) = -t**3 - 2*t**2 + t + 3. Let r be q(-3). What is the highest common factor of m and r?
3
Let y = 2 + -2. Let k be (-1 - (1 + y))/(-2). Let o(g) = 36*g. Let x be o(k). What is the highest common factor of 9 and x?
9
Let d(j) = 2*j**2 + 1 + 1 - 4*j + j**3 - 3*j**2 + 4*j**2. Let l be d(-4). Calculate the highest common factor of 22 and l.
2
Suppose 32 = -4*m - 5*j, -4*j = -0*m - 4*m - 32. Let c be m/6*195/(-26). Calculate the greatest common divisor of c and 10.
10
Let p(v) = -v - 7. Let w be p(-9). Suppose -2*x + 1 = -j + 4, -5*x - 8 = -w*j. Let k be (10/3)/(j/(-33)). What is the highest common divisor of 10 and k?
10
Let y be (-70)/(-4)*64/10. What is the highest common factor of 14 and y?
14
Suppose 3*y = -4*n + 516, 4*y - 5*y = -2*n + 248. What is the greatest common divisor of n and 14?
14
Let s = -1 + 4. Let i = s - 6. Let b(t) = -t**3 - t**2 + 2*t + 1. Let p be b(i). Calculate the highest common divisor of p and 13.
13
Let l be 1 + 22 - -3 - 2. Calculate the greatest common divisor of l and 16.
8
Let s = -75 + 315. Calculate the greatest common divisor of 30 and s.
30
Let w = 138 + -107. What is the greatest common divisor of 341 and w?
31
Let n be 30/8*(-1 + 5). Let v = 1 + 2. What is the greatest common divisor of v and n?
3
Let q be (-8 - -4 - 3)*1. Let f(j) = 3*j. Let y be f(4). Let v be q/((-14)/y) + 1. What is the greatest common divisor of v and 77?
7
Suppose 0*v = -v + 1. Let t = 3 - v. What is the highest common divisor of 2 and t?
2
Let x be -46*2*(-2 + 14/8). What is the highest common divisor of 69 and x?
23
Let g = 13 + -4. What is the greatest common divisor of g and 63?
9
Suppose -2*n + 2*c + 184 = 2*n, -5*n + 5*c + 235 = 0. Calculate the greatest common divisor of n and 18.
9
Let x = -9 + 15. Suppose -2*z - x = -28. Calculate the greatest common divisor of z and 33.
11
Suppose -5 = 4*k - 13. Let j be 0*1*(-1)/k. Suppose j = -5